 tens digit of t?
3
Let r(k) = -31*k**2 - k + 1. Let x be r(-1). Let c = -23 - x. Let s(p) = -2*p + 13. What is the units digit of s(c)?
1
Let d = 881 - -31. Suppose 15*m + d - 3912 = 0. What is the hundreds digit of m?
2
Suppose -82*q + 6115 = 4*p - 83*q, p = 3*q + 1515. What is the tens digit of p?
3
Suppose -2*z = -2*r - 974 + 2728, -5*z - 2631 = -3*r. What is the tens digit of r?
7
Let l = -15 + 26. Let z = l + -9. Suppose 102 = 2*p - 0*p - z*d, -5*d + 235 = 5*p. What is the tens digit of p?
4
Let f be (-4 - -4) + 3/1. Suppose 4*d + f*n + 156 = 7*d, -138 = -3*d - 3*n. What is the units digit of d?
9
Suppose -2*t + w = -251, 281 = 2*t + w + 4*w. What is the hundreds digit of t?
1
Let k = -163 + 327. What is the tens digit of k?
6
Suppose 4*k = -5*r + 1465, 13*r - k = 17*r - 1161. What is the tens digit of r?
8
Suppose 5*n - 1109 = 2*x, -5*n - x + 1113 = -5*x. What is the tens digit of n?
2
Let f = -7 + 10. Suppose -3*y = -7*m + 4*m - 297, 0 = -f*m. What is the units digit of y?
9
Suppose 0 = -h + 2*b + 601, -5*h - 4*b = 854 - 3803. What is the tens digit of h?
9
Let x be 4968/(-16) + 1/2. Let i = -218 - x. Suppose -d - d = -i. What is the tens digit of d?
4
Suppose 56 = 5*z - 9. Suppose 4*p - z = -1. Suppose 0 = 2*a + 3*t - 8, 3 = p*a - 4*t + 8. What is the units digit of a?
1
Let u(d) = -d**2 + 12*d + 19. Let j be u(18). Let i = 214 + j. What is the units digit of i?
5
Let q be (-12)/(-4)*(-4)/(-6). Suppose -2*x = 3*n - 56, -x = q*x - 4*n - 118. Suppose 3*c = 47 + x. What is the units digit of c?
7
Let u(g) = -39*g + 200. What is the tens digit of u(-27)?
5
Suppose 0 = -c + 9 - 3. Suppose -j - 5*h = -62, j - c*j + 266 = 3*h. What is the tens digit of (-2 - -3)/(2/j)?
2
Let m = 16 - 46. Let q = -5 - -3. What is the tens digit of (-6)/(q + (-51)/m)?
2
Let z(v) = v**3 + 21 - 8*v - 8 - 10 - 5*v**2. What is the units digit of z(7)?
5
Suppose 0 = 6*u + 1403 - 10409. What is the thousands digit of u?
1
Suppose 13*t + 2698 = 23940. What is the tens digit of t?
3
Let h(n) = -2*n**3 - 3*n**2 + 2*n. Let g be h(-2). What is the units digit of 43 + g/(-1) + -3?
0
What is the hundreds digit of 2283 - 12*(-1)/(-3) - -5?
2
Let n = 517 - 366. Let y = -70 + n. What is the tens digit of y?
8
Let l = -507 - -695. What is the hundreds digit of l?
1
Let j(o) = -o**2 - 12*o - 6. Let q be j(-11). Suppose 358 = -q*h + 1163. Suppose -3*d + 108 = 2*r, -3*r - h = -4*d - 0*r. What is the tens digit of d?
3
Suppose 13*c = 12*c + 3. Suppose 191 = 5*w - 19. Suppose y - c*y = -w. What is the tens digit of y?
2
Suppose 5*b = 9*b - 3*y - 8032, 5*b + 3*y - 10040 = 0. Suppose -6*v = 394 - b. What is the units digit of v?
9
Suppose -o - 3 = -8. Suppose -3*p - v = -213, 0 = -p + o*v + 45 + 26. What is the tens digit of p?
7
Let q(u) = -7*u**3 - u**2 + 5*u - 2. Let a(i) = i + 2. Let p be a(-5). What is the hundreds digit of q(p)?
1
Let a = -48 - -48. Suppose a = 4*v - v + f - 470, v - 5*f = 130. What is the tens digit of v?
5
Let g(o) = 104*o**2 - 17*o + 13. What is the units digit of g(5)?
8
Let o be (-26)/10 + (-3)/(-5). Let m = o + 4. Suppose -4*n + 24 = -m*n + 2*z, 0 = -5*n + z + 54. What is the units digit of n?
1
Let f = 452 + -408. What is the tens digit of f?
4
Let i(b) = 7*b**2 - 3*b + 15. What is the units digit of i(-9)?
9
What is the units digit of (-3)/12*2*(-156 + 10)?
3
Let g = 116 + 290. What is the units digit of g?
6
Let r = 28 + -26. Suppose -r*m = -7*m + 285. Let z = m + -41. What is the units digit of z?
6
Suppose -5*s = 3*n - 1120, 13*n - 3*s = 14*n - 368. What is the tens digit of n?
8
Let r be (4 - -5)/(3/63). Suppose 3*t - 105 = -3*s, 5*t - 2*s - 21 = r. What is the units digit of t?
0
Let p(y) = -y**2 + 9*y - 12. Let u be p(8). What is the tens digit of (-2 - u) + 342/3?
1
What is the tens digit of (-11)/((-11)/(-266))*(0 + -1)?
6
Let f = 19 + -17. Suppose -3*h - 1 = -f*w + 3, -4*h = 4*w - 8. Suppose -j + h*j + 18 = 0. What is the tens digit of j?
1
Let g be (-1)/((-14)/4 - -4). Let z(v) = 0*v - 4*v - 2*v. What is the units digit of z(g)?
2
Suppose -4*x - 6 = -6*x. Suppose 0*b + 49 = -x*b + 2*o, -4*o = -3*b - 53. What is the tens digit of 762/15 + (-3)/b?
5
Let k = -223 + 345. Let x = 76 + k. What is the tens digit of x?
9
Let y = -125 + 129. Suppose 2*n = 2*j - 0*j + 308, -y*n - 2*j = -640. What is the units digit of n?
8
Let w(b) = 2*b**2 + 6*b - 26. What is the tens digit of w(-17)?
5
Let b = 125 + -60. What is the units digit of -4*1 + b + 5?
6
Let w = 18 + -16. What is the tens digit of w - -40 - 5/(15/6)?
4
Let f = -2709 - -5575. What is the thousands digit of f?
2
Suppose 0 = 3*v + 350 - 1295. Let m = -77 + v. What is the tens digit of m?
3
Let n(u) = 71*u**2 + 17*u - 233. What is the tens digit of n(8)?
4
Let h(m) = 2238 - m + 45*m**2 - 2230 + m - 4*m. What is the tens digit of h(2)?
8
What is the tens digit of (18/8)/(11/(-1056)*-18)?
1
Suppose -w + 4*r + 4 = -1, -r + 67 = 3*w. Let a(z) = z**2 - 12*z - 49. What is the tens digit of a(w)?
4
Suppose -5*u - 14*d + 8352 = -10*d, 0 = u - 5*d - 1682. What is the units digit of u?
2
Suppose 901 = p - 5*u, 4*p - 6*u + 4*u - 3640 = 0. What is the hundreds digit of p?
9
Let r = 0 + 1. Let u(s) = 35*s + 3. Let q(j) = -2. Let y(p) = 3*q(p) + u(p). What is the units digit of y(r)?
2
Suppose 31*q - 3311 = -12*q. What is the units digit of q?
7
Let x(d) = 3*d + 38. Let r be x(-14). What is the hundreds digit of (-446)/r + (-1)/(-2)?
1
Let d = 40 - 36. Suppose 4 = l - j, 2*j - 17 + d = -l. What is the units digit of l?
7
Suppose 2*s - 1082 = -2*h, -4*h = -4*s + 772 - 2936. Suppose -h = -8*c + 179. What is the units digit of c?
0
Let u be 6 + 2 + (3 - 8). Suppose -840 + 2128 = u*w + 5*c, -3*c + 1278 = 3*w. Suppose 0 = 7*n - w - 6. What is the tens digit of n?
6
Let p(u) = 12*u**2 - 28*u + 31. What is the tens digit of p(10)?
5
Let x = -259 + 598. What is the tens digit of x?
3
Let m be 4/6 + 16/12. Suppose -l - m*l - 42 = 0. Let x = 33 + l. What is the units digit of x?
9
Suppose 0 = -2*n - 5*d - 17, 2*n + 2 = -0*n - 2*d. Suppose n*m - 27 = 5*v, -2*v = m - 7*v - 18. Suppose b = m*b - 40. What is the tens digit of b?
2
Suppose 5*u = -22*v + 24*v + 4603, v + 4 = 0. What is the hundreds digit of u?
9
Suppose 5413 = 11*j - 901. What is the hundreds digit of j?
5
Let k = 1 - 4. Suppose 0 = -5*j + 5*m + 96 + 29, 2*j - 62 = 5*m. Let v = k + j. What is the units digit of v?
8
Let c = -3747 - -7594. What is the tens digit of c?
4
Let d(w) = -2*w**3 - 3*w**2 + 4. Let v be d(-2). Suppose 0 = -3*t + v*t - 230. What is the tens digit of t?
4
Suppose 0 = -2*d - 0*d + 338. Suppose -5*x + 126 = -d. Suppose 0 = 4*c - 2*w - 94, 2*c - 4*w - x = -7*w. What is the tens digit of c?
2
Let l(y) = -2*y**3 - 4*y**2 + 6*y + 4. Let w be l(-5). Let m = 264 - w. Suppose -5*b - 40 + m = 0. What is the units digit of b?
0
Let c be (12/(-9))/((-10)/15). Suppose 15 = -5*k, x + 4*k = c*x - 9. Let j(l) = -7*l + 1. What is the tens digit of j(x)?
2
Let c be (-1)/(-7) + 17560/70. Suppose -4*d - 4*n + 448 = 0, -197 = -4*d + 5*n + c. What is the units digit of d/(-6)*(-3)/2?
8
Suppose -3*u + 32 = 4*t - 24, 0 = 2*t + 2*u - 30. Let a = t + -7. Suppose -a*j = -16 - 108. What is the tens digit of j?
3
Let t = 3370 + -2385. What is the hundreds digit of t?
9
Let z = -1093 + 1775. Suppose 4*m + 250 - 26 = x, 3*x - z = 2*m. What is the tens digit of x?
2
Let y(a) = -a + 6. Suppose 4*h - 3 - 17 = 0. Let l be y(h). Let m = l + 2. What is the units digit of m?
3
Let z(g) = -203*g - 85. What is the units digit of z(-3)?
4
Let m = -16 + 20. What is the tens digit of 16*m/6*6?
6
What is the thousands digit of (10/(-6))/5 + 8776/3?
2
Let j(u) be the first derivative of 4*u**3/3 - 2*u + 12. What is the tens digit of j(-3)?
3
Let p = -50 + 54. Suppose -11 + 75 = p*s. What is the tens digit of s?
1
Suppose 0 = 3*s + 2*d - 1585, -5*s - 5*d + d = -2645. What is the tens digit of s?
2
Let t = -33 - -50. What is the units digit of ((1 - t)/(-4))/((-2)/(-14))?
8
Let d be ((-20)/(-5))/(4 - (-2 + 5)). Suppose 972 = 10*n - d*n. What is the tens digit of n?
6
Suppose 224 = 5*j - w, 0 = j + 4*j - 2*w - 228. Let k = j - 31. What is the units digit of k?
3
Let i be (5/15)/(1/(-9)) - 5. What is the units digit of 6/(-48) + (-913)/i?
4
Suppose 2*f = -89*a + 86*a + 7898, a = 5